- -90. What is the tens digit of n?
5
What is the units digit of (-1)/(-4) + 108355/52?
4
Let b = 238 + 326. What is the tens digit of b?
6
Let y(o) = 15*o + 27. Let n(p) = -8*p - 14. Let g(r) = -11*n(r) - 6*y(r). Let s be g(-7). What is the tens digit of s + -4 + (24 - 2)?
2
Let k(c) = c**3 + 25*c**2 + 15*c - 64. What is the units digit of k(-20)?
6
Let w(s) = 110*s**2 + 58*s + 14. What is the tens digit of w(-4)?
4
Let d(h) = 2*h**2 - 30*h + 28. Let q be d(14). What is the hundreds digit of (q + 2 - (-15)/1)*14?
2
Suppose -5*l - 2*v + 1599 = 0, -l + 4*v = 4*l - 1617. Suppose -4*o + 63 = -l. What is the tens digit of o?
9
Suppose -2*h - 375 = -5*h. Let b be h/(-15) + 4/(-6). Let l = b - -15. What is the units digit of l?
6
Let u be 1/(-5) - (-2)/10. Let y = -4 - u. Let j(n) = n**3 + 7*n**2 + n - 3. What is the tens digit of j(y)?
4
Let u be (-6 - -1)/((-2)/(-4)). Let o be ((-5)/u)/(3/12). Suppose -2*b = 5*f - 47, 2*f - 65 = -o*b - 3*b. What is the tens digit of b?
1
Let v(u) = -90*u + 11. What is the hundreds digit of v(-5)?
4
Suppose -7*z = 11*z - 648. What is the units digit of (33/6)/11*z/3?
6
Suppose q + 0 = 5. Suppose d + j = 4*d - 76, -110 = -q*d + 5*j. What is the tens digit of d?
2
Suppose 319 - 311 = 2*a. Suppose 4*d = -4*o - d, -3*o - 2*d = 0. Suppose o = -4*j + 4*q + 16, -j - 14 = -4*j + a*q. What is the units digit of j?
2
Let c = -4775 - -7909. What is the hundreds digit of c?
1
Let b be 1/(-3) - 52/(-12). Let o = b + -8. What is the tens digit of (-180)/(16/o) + 0?
4
Suppose 136*v = 132*v + 892. What is the tens digit of v?
2
Suppose -8*i = -9*i + 8. Suppose 8 = i*a - 912. What is the tens digit of a?
1
Suppose -3*x = x - 32. Suppose 24 = -x*r + 344. What is the units digit of r?
0
Let k(n) be the second derivative of -n**5/20 + 13*n**4/12 - n**2/2 - 7*n. Let g be k(13). Let w = g - -26. What is the tens digit of w?
2
Let s = 3554 - 543. What is the thousands digit of s?
3
Let x(p) be the third derivative of -p**6/120 + 11*p**5/60 - 5*p**4/12 - p**3/6 - 4*p**2. Let b be x(10). What is the units digit of -36*(-4)/6 + b?
3
Suppose 0 = m + 3*v + 35, -2*v - v - 115 = 5*m. Let i be 46/8 + 15/m. Suppose -i*s - 4 = -64. What is the units digit of s?
2
Suppose 9*o - 11960 = -14*o. What is the tens digit of o?
2
Suppose -34*w - 2365 + 21031 = 0. What is the units digit of w?
9
Suppose l = 4*l + 162. Let d be 12/l - 76/(-18). Suppose 0 = -d*v + 2*v + 16. What is the units digit of v?
8
Suppose 11 = -2*h + 31. Suppose 0*t - 2*t + 22 = -5*s, -5*s - h = 0. Let w(g) = -g**3 + 6*g**2 + g + 2. What is the units digit of w(t)?
8
Let k = -22 + 14. Let g(i) = -23*i + 3. What is the hundreds digit of g(k)?
1
Let t be (2 - 2 - 3) + -1 + -108. Let z = 225 + t. What is the tens digit of z?
1
Let k = -807 + 1499. What is the tens digit of k?
9
Suppose -3*q - 7*y + 3*y - 2 = 0, 1 = -2*q - 3*y. What is the tens digit of (-1 - -3) + 79 + (-4)/q?
8
Suppose 3*c + 5*h - 4*h - 344 = 0, 5*c = 3*h + 550. What is the units digit of c?
3
Let j(h) = -h**2 - 3*h + 10. Let x be j(3). What is the units digit of 718/10 - x/(-10)?
1
Let p = -22 + 49. Suppose -u = -4*u + p. Suppose x = -4*w + 3*x + 10, -3*w + 2*x + u = 0. What is the units digit of w?
1
Let q(h) = -415*h - 5. Let p be q(5). Let b = -964 - p. What is the tens digit of 10/55 + b/33?
3
Let r(w) = -3*w**2 - 34*w + 4. What is the tens digit of r(-11)?
1
What is the hundreds digit of (2 - 130)/((-23)/138)?
7
What is the hundreds digit of 414/((-22)/(-88) + 2/56)?
4
Suppose d - 2145 = b, -4*d + 7*d = b + 6443. What is the hundreds digit of d?
1
Let w(i) = -i**2 + 7*i**2 - 3*i + 3 + 4*i**2. Let u be w(2). Suppose 5*m + 3*b = -44 + 236, 0 = m + 2*b - u. What is the tens digit of m?
3
Suppose 1 = -2*t - 7. What is the units digit of 2*1/t*-122?
1
Let h(a) = -a**2 + 12*a + 5. Let p = 20 - 17. Suppose 4*j + j = p*b - 33, 2*b + 4*j = 0. What is the tens digit of h(b)?
4
Suppose -265*z - 1917 = -2*x - 266*z, x + 3*z = 951. What is the hundreds digit of x?
9
Suppose u - 2*z - 54 = z, u - 59 = -2*z. What is the tens digit of u?
5
What is the units digit of (-3441)/(-9) + 16/24?
3
Suppose 4*n - 20140 = -4*w, -44*n + 2*w = -45*n + 5030. What is the units digit of n?
0
Let t = 2485 + -1495. What is the tens digit of t?
9
Suppose -36 = 13*c - 231. Suppose 2*q - c - 5 = 0. What is the units digit of q?
0
Suppose 3*c - 3017 = -4*q + 360, 2255 = 2*c - q. What is the thousands digit of c?
1
Let b = -9 - -11. Let c be -1 + b - (-17 + 5). Let t = c - -14. What is the tens digit of t?
2
Suppose -6 + 17 = 11*u. Let l(x) be the second derivative of 17*x**3/6 - x**2/2 - 2*x. What is the tens digit of l(u)?
1
Let y(n) = 6*n + 60. Let i be y(-10). Suppose i + 332 = 2*j. What is the units digit of j?
6
Let k be 1*4/(-10) - 54/(-10). Suppose -5*y - 10 = -3*y, -k*r + 370 = -5*y. What is the units digit of r?
9
Let h be (4 - 0/(-5)) + -1. What is the units digit of 53/(1/(3/h))?
3
Let x(z) = -7*z**2 - 7*z - 20. Let t(h) = 6*h**2 + 7*h + 19. Let l(d) = 5*t(d) + 4*x(d). Let r be l(-10). Suppose 0 = 5*i + 35 - r. What is the tens digit of i?
2
Let g = 9 - 6. Let q(y) = 16*y + 2. Let f be q(g). Suppose 126 + f = 5*k + 2*n, -2*k - 5*n = -62. What is the units digit of k?
6
Suppose -2*r - 1302 = -5*w + 940, -2*w = 2*r - 894. What is the hundreds digit of w?
4
Let v = -3 - -10. Suppose n + 2*o - v + 57 = 0, 4*o = n + 74. Let f = -38 - n. What is the units digit of f?
0
Suppose 0 = -2*c + 43 + 55. Let p(w) = w**3 - 6*w**2 - 4*w. Let j be p(6). Let t = c + j. What is the units digit of t?
5
Let d(s) = 2*s. Let h(n) = n. Let z(w) = -d(w) + h(w). Let o(k) = -3*k - 13. Let l(p) = -o(p) + z(p). What is the units digit of l(10)?
3
Suppose -3*i + 4*t + 348 = -i, t = -5. Suppose -2*p = 4*k - 172, 4*k - 2*p - i = -6*p. What is the units digit of k?
5
Suppose -922 = 8*u - 4178. What is the hundreds digit of u?
4
Let i = 2342 - -27. What is the thousands digit of i?
2
Suppose -343*f + 338*f = -10440. What is the tens digit of f?
8
Let h(k) = -5*k - 35. Let q be h(5). What is the units digit of (15/6)/((-2)/q)?
5
Let d = 40 - 29. Suppose -2*m - 5*j + d - 2 = 0, 0 = 5*j + 15. Let z = m + -5. What is the units digit of z?
7
What is the thousands digit of 0 - (-215*6 + -4 + 3)?
1
Suppose 4*w - 4*l = -27 - 49, -3*w + 4*l = 56. What is the hundreds digit of (-555)/(-4) + 15/w?
1
Let v(q) = q**3 - q**2 - q + 1. Let s(k) = 2*k**3 - 12*k**2 - 3*k - 21. Let m(r) = s(r) - 3*v(r). What is the units digit of m(-10)?
6
Let y = 12 + -10. Let s(g) = 6 + g - y*g - 2 - 7. What is the units digit of s(-6)?
3
Let s = 1 + -1. Suppose -5*l + s*b - 13 = b, 5*b = 2*l - 11. What is the tens digit of -1 - l - (-20 + 2)?
1
Suppose 0 = -c - 4*z + 1663, 0 = 4*c + 4*z - 6758 + 46. What is the tens digit of c?
8
Let u = 1040 - 639. What is the units digit of u?
1
Suppose -28*g = -34459 - 5273. What is the tens digit of g?
1
What is the hundreds digit of (-42)/(-8)*(1 + -6)*-28?
7
Suppose -78 = 2*s + 3*j - 305, 0 = -s + j + 126. Suppose -2*q - 5*t + 759 - s = 0, -q + 5*t + 289 = 0. What is the tens digit of q?
0
What is the hundreds digit of 3 + 1465/7 - 2/7?
2
Let x(h) be the third derivative of 7*h**2 - 1/24*h**4 - 1/6*h**3 + 0 + 0*h. What is the units digit of x(-6)?
5
Let d = 59 + -39. Let r(l) = 5*l - 12. What is the units digit of r(d)?
8
Let r = -4 + -3. Let j be 124/r - 12/42. Let q = j + 36. What is the tens digit of q?
1
Let p(c) = 10*c - 14*c**2 + c**3 + 7*c - 1963 + 1972. What is the tens digit of p(13)?
6
Let m = -25 + 37. Let h(g) = -g**3 + 11*g**2 + 14*g + 3. Let f be h(m). Suppose o = f - 2. What is the tens digit of o?
2
Let r be -5*(2 + (-9)/3). Suppose -4*w = -3*j - 283, r*w + j - 446 = -97. What is the tens digit of w?
7
Suppose 5*u = u - 16. Let c = -38 - u. Let x = c - -42. What is the units digit of x?
8
What is the units digit of (-180)/(-32)*2*16?
0
Suppose 4*g + 15 + 49 = 0. Let j be (-46)/g - (-1)/8. Suppose 4*n - j*l = -2 + 58, 0 = -3*l. What is the units digit of n?
4
Suppose 1077 = -n + 2*n. What is the tens digit of n?
7
Suppose -y - w + 2 = -4*w, 4*y + 4*w = 8. Suppose y*v = -0*z - z + 92, -v + 181 = 2*z. What is the tens digit of z?
9
Suppose -5*v - i + 21 = 0, 2*i = -2 - 6. Suppose -2*y = -4*b + 2, 0 = -v*b + b + 12. Suppose y*f - 85 = -4*s, 24 - 5 =